what is 313201 + 11?
313212
In base 11, what is 1307a - 0?
1307a
In base 12, what is 12 - -6?
18
In base 2, what is 1001 + -1000011010?
-1000010001
In base 3, what is -101120 + -11?
-101201
In base 4, what is -1033301 - 1?
-1033302
In base 2, what is -11011110 + 10011?
-11001011
In base 7, what is -16241 - 5?
-16246
In base 7, what is -2 + -1050?
-1052
In base 9, what is 5 - 4122?
-4116
In base 13, what is -5 + 3ca?
3c5
In base 14, what is -d + -b?
-1a
In base 6, what is 2 + 5324?
5330
In base 13, what is -36 - 3?
-39
In base 16, what is 33 - -2?
35
In base 16, what is 10 + -21?
-11
In base 14, what is -5d + -1?
-60
In base 12, what is -17 - 26?
-41
In base 14, what is -45 - -2?
-43
In base 11, what is 44 - 23?
21
In base 3, what is 12 - -111021?
111110
In base 14, what is -25 + 20?
-5
In base 13, what is -391 + 2?
-38c
In base 12, what is -b - 283?
-292
In base 10, what is -309 + 7?
-302
In base 14, what is -1 - -517?
516
In base 10, what is 0 + -37?
-37
In base 2, what is -110 - 1100011?
-1101001
In base 6, what is 1414 + -4?
1410
In base 15, what is -c + c?
0
In base 14, what is -32 + 296?
264
In base 16, what is 4 + 564?
568
In base 2, what is 1000101111 - 1?
1000101110
In base 6, what is 1 - 15034?
-15033
In base 2, what is 10 + 111001?
111011
In base 11, what is -5 - 508a?
-5094
In base 3, what is -11 - 101?
-112
In base 9, what is -3141 - 4?
-3145
In base 4, what is 1332 - 11?
1321
In base 9, what is 25 + -5?
20
In base 7, what is 25 + -4?
21
In base 9, what is -1010 + 0?
-1010
In base 3, what is -1 + 120200?
120122
In base 12, what is -63 + 6?
-59
In base 15, what is -1e - 78?
-97
In base 2, what is 100 - -101011100101?
101011101001
In base 16, what is -613 - -2?
-611
In base 7, what is 1103 + 4?
1110
In base 12, what is 5 - -803?
808
In base 6, what is 1 - -3425?
3430
In base 8, what is -220 - 4?
-224
In base 11, what is -6106 + 2?
-6104
In base 9, what is -8627 - -2?
-8625
In base 4, what is -20 - 1110?
-1130
In base 14, what is 4 + -50?
-4a
In base 5, what is 2 - -33?
40
In base 8, what is -1 + -40?
-41
In base 14, what is 4 + 67?
6b
In base 15, what is 2 - -1?
3
In base 8, what is 233 - -3?
236
In base 4, what is 1 - 120031?
-120030
In base 3, what is -10 + 110200?
110120
In base 10, what is -28 + -38?
-66
In base 6, what is -13 + -1?
-14
In base 3, what is -221101220 + -11?
-221102001
In base 4, what is -21212 - -3?
-21203
In base 12, what is -3 - -36?
33
In base 4, what is 2 - -2312?
2320
In base 12, what is -31 - -5?
-28
In base 5, what is -10 - -303?
243
In base 10, what is 129 + 14?
143
In base 10, what is 1314 - 5?
1309
In base 13, what is -186 - -2?
-184
In base 7, what is -2504 - -5?
-2466
In base 13, what is -7 - -25?
1b
In base 12, what is 55 - -3?
58
In base 2, what is -11010010100 + 0?
-11010010100
In base 8, what is -15 + -16?
-33
In base 4, what is -30 + -202?
-232
In base 16, what is 90 - 3b?
55
In base 12, what is 23 + -18?
7
In base 2, what is 101110111100 - -100?
101111000000
In base 6, what is 4305 + -4?
4301
In base 16, what is -5b0 - 0?
-5b0
In base 15, what is 24ab - 3?
24a8
In base 6, what is 1 + 14444?
14445
In base 12, what is -5 + -27?
-30
In base 3, what is -2001 + -2020?
-11021
In base 8, what is 1 + 1467?
1470
In base 15, what is e - -6?
15
In base 12, what is 260 - -2?
262
In base 8, what is 3536 + -5?
3531
In base 8, what is -2310 - -1?
-2307
In base 6, what is -1 + 104?
103
In base 12, what is 19b - -3?
1a2
In base 6, what is 44 + 14?
102
In base 12, what is -5 + 391?
388
In base 16, what is -5 + 541?
53c
In base 4, what is -1012 + 31?
-321
In base 11, what is 11 + -4?
8
In base 3, what is -120 + 2?
-111
In base 3, what is -1001110001 - -2?
-1001102222
In base 4, what is 1032 + -32?
1000
In base 13, what is -142 + -1c?
-161
In base 2, what is 11001011010 + 11?
11001011101
In base 4, what is -21312 - -111?
-21201
In base 6, what is -50 + 353?
303
In base 11, what is -4 - -a6?
a2
In base 8, what is 12275 - -5?
12302
In base 2, what is -100 - 111011110?
-111100010
In base 13, what is -13b - -6?
-135
In base 15, what is 86 - 30?
56
In base 2, what is -101 + 110011?
101110
In base 6, what is -2 - -101?
55
In base 13, what is -174 - 0?
-174
In base 2, what is 1 + 1011001?
1011010
In base 11, what is 11 - -9?
1a
In base 7, what is 606 - -4?
613
In base 6, what is -21 - 20?
-41
In base 7, what is -5 + 2343?
2335
In base 5, what is 4 + 1322?
1331
In base 16, what is -58 - -2?
-56
In base 5, what is 142 + -1?
141
In base 14, what is 3c + 5?
43
In base 9, what is 128 - 2?
126
In base 10, what is -3 - -6117?
6114
In base 9, what is -2623 + 5?
-2617
In base 3, what is 100 + 2201222?
2202022
In base 5, what is 1213 + 10?
1223
In base 15, what is -1e2 + 5?
-1dc
In base 15, what is 2 + e?
11
In base 5, what is -3 - 3421?
-3424
In base 12, what is 27 + 25?
50
In base 8, what is 0 - 143?
-143
In base 3, what is 0 - 100020?
-100020
In base 13, what is -4 - -3c12?
3c0b
In base 3, what is 22121 - -12?
22210
In base 10, what is -2 + -9?
-11
In base 16, what is -614 - -3?
-611
In base 5, what is 124 - -1?
130
In base 5, what is -2 + -10312?
-10314
In base 3, what is 1000212 - 2?
1000210
In base 3, what is -101020222 + -11?
-101021010
In base 4, what is 2 - 3033?
-3031
In base 11, what is 1 + -435?
-434
In base 15, what is -19 - -a?
-e
In base 12, what is -b + 554?
545
In base 13, what is a1 + -28?
76
In base 14, what is 25c + -2?
25a
In base 16, what is -385 - 4?
-389
In base 10, what is -1 + -71?
-72
In base 11, what is 3 + 22a6?
22a9
In base 7, what is -14 + -26?
-43
In base 5, what is -3032 - -10?
-3022
In base 11, what is 1 - 18?
-17
In base 11, what is -48a - 1?
-490
In base 11, what is 6151 - 2?
614a
In base 7, what is 23 + -614?
-561
In base 6, what is -5 + -1?
-10
In base 13, what is c0 - -4?
c4
In base 4, what is 23222 - 31?
23131
In base 5, what is 14223 - 11?
14212
In base 4, what is 10 + 3?
13
In base 11, what is -46 - -12?
-34
In base 2, what is -1 - 100011?
-100100
In base 12, what is 3a + -1?
39
In base 6, what is 24 - 22?
2
In base 4, what is 1 - -11013?
11020
In base 13, what is -185 - -4?
-181
In base 14, what is -1c2 - 91?
-273
In base 9, what is -3 - -68?
65
In base 5, what is 11 + -11?
0
In base 4, what is -11121000 + -3?
-11121003
In base 16, what is 0 - 14e?
-14e
In base 5, what is 0 - -100301?
100301
In base 6, what is 3 + -4?
-1
In base 5, what is -10 - 141?
-201
In base 15, what is -2 - ae8?
-aea
In base 5, what is -112 - -433?
321
In base 15, what is c8 - -b?
d4
In base 15, what is -1a00 - 3?
-1a03
In base 9, what is -2 + 152?
150
In base 11, what is 4 + 1155?
1159
In base 2, what is 110 - 10101?
-1111
In base 6, what is -5 - -54?
45
In base 8, what is 22505 - 1?
22504
In base 7, what is 60 - 3?
54
In base 13, what is -3 - 50a?
-510
In base 8, what is -71 + -5?
-76
In base 13, what is -8 - -14?
9
In base 2, what is 10111101 + 10010?
11001111
In base 3, what is 210 - 1100?
-120
In base 13, what is 30 - 18?
15
In base 16, what is 44 - -6?
4a
In base 16, what is 5 - -ff?
104
In base 10, what is -4 + 37?
33
In base 4, what is 1331 + -11?
1320
In base 15, what is 20 - c?
13
In base 10, what is -243 - -8?
-235
In base 14, what is 67 + -c?
59
In base 5, what is -1244 - 14?
-1313
In base 3, what is -120 + -20221?
-21111
In base 11, what is -3a8 + -1?
-3a9
In base 8, what is 22 + 15?
37
In base 11, what is 158 - 0?
158
In base 12, what is a7 - -3?
aa
In base 8, what is 6321 - 4?
6315
In base 13, what is -25 + -32?
-57
In base 16, what is -4 - -58?
54
In base 8, what is -3 - -116?
113
In base 7, what is 1516 - 10?
1506
In base 6, what is 4 - -34?
42
In base 9, what is 2 + 583?
585
In base 14, what is 2c - -2?
30
In base 14, what is 1 - -460?
461
In base 14, what is 10 - 571?
-561
In base 11, what is 455 + 0?
455
In base 3, what is -201220 - 0?
-201220
In base 10, what is -5 - 167?
-172
In base 13, what is -18 - 16a?
-185
In base 11, what is -2 - -10?
9
In base 4, what is 20 + -122?
-102
In base 11, what is 3 - 1a52?
-1a4a
In base 11, what is -1 + 144?
143
In base 13, what is -60 + 2?
-5b
In base 5, what is 22 - 133?
-111
In base 16, what is -6 - -cb?
c5
In base 12, what is -2 + 1353?
1351
In base 15, what is -a7 + 0?
-a7
In base 6, what is 0 + 55?
55
In base 14, what is -20 - 24?
-44
In base 7, what i